 base 7
-21561
What is 1106 (base 7) in base 2?
110001110
1000010011 (base 2) to base 9
650
139 (base 11) to base 2
10100011
133105 (base 6) to base 12
7195
270 (base 11) to base 12
227
What is 59 (base 11) in base 5?
224
-1453 (base 9) to base 2
-10001001101
22212 (base 3) to base 9
285
1317 (base 11) to base 8
3260
Convert 5211 (base 12) to base 4.
2023231
Convert -202120 (base 3) to base 16.
-22b
Convert -10120 (base 4) to base 5.
-2110
What is -220010121 (base 3) in base 8?
-42271
Convert b2 (base 13) to base 16.
91
What is -10624 (base 9) in base 13?
-32aa
What is 102001002 (base 3) in base 10?
8048
Convert -1512 (base 8) to base 5.
-11332
What is 3117 (base 11) in base 13?
1b5b
-10323 (base 4) to base 13
-1b3
What is 2122332 (base 4) in base 5?
304133
-3353 (base 9) to base 7
-10140
232 (base 7) to base 12
a1
Convert 2507 (base 11) to base 16.
cca
342 (base 13) to base 9
683
What is -10014 (base 5) in base 4?
-21322
43 (base 14) to base 10
59
132311 (base 5) to base 2
1010011010011
What is 139 (base 16) in base 7?
625
-111676 (base 8) to base 6
-451034
-224045 (base 7) to base 4
-21232031
111101112 (base 3) to base 5
303021
What is 11100 (base 2) in base 3?
1001
-4831 (base 9) to base 6
-24344
-10102011 (base 4) to base 5
-1030131
334 (base 13) to base 12
39a
What is -110000000010 (base 2) in base 5?
-44244
14461 (base 8) to base 16
1931
Convert 3442 (base 6) to base 8.
1462
What is 3435 (base 7) in base 10?
1251
What is 1 (base 11) in base 14?
1
What is -453 (base 7) in base 3?
-22200
Convert 3e53 (base 16) to base 8.
37123
What is -1430 (base 7) in base 8?
-1060
Convert -100010101 (base 2) to base 4.
-10111
1001001111101 (base 2) to base 3
20111022
Convert -10d (base 14) to base 11.
-180
What is -1144 (base 5) in base 4?
-2232
What is -131122 (base 7) in base 12?
-1216a
What is -950 (base 14) in base 5?
-24314
1000100100 (base 2) to base 3
202022
What is 104660 (base 7) in base 2?
100100001010011
Convert -155a (base 14) to base 3.
-12012220
-a713 (base 12) to base 13
-843c
What is 2652 (base 11) in base 7?
13021
Convert 1020 (base 4) to base 8.
110
-11110100011 (base 2) to base 4
-132203
Convert -221241 (base 5) to base 15.
-2431
-ec6 (base 15) to base 4
-310020
148de (base 15) to base 10
66134
Convert -13210 (base 5) to base 13.
-632
2ba (base 13) to base 8
753
d4e1 (base 15) to base 16
afba
-1211200 (base 3) to base 10
-1341
-4187a (base 11) to base 10
-60950
What is -2c (base 16) in base 10?
-44
Convert 2e (base 16) to base 8.
56
Convert -153101 (base 7) to base 15.
-8ccb
What is 43ac (base 14) in base 7?
46105
What is 102102 (base 3) in base 15?
158
Convert 1691 (base 12) to base 3.
10201001
-311 (base 10) to base 13
-1ac
What is -23300 (base 5) in base 10?
-1700
What is 75dc (base 16) in base 13?
1096c
230 (base 13) to base 9
458
-54e3 (base 16) to base 15
-668b
What is 17187 (base 13) in base 14?
12188
What is -1301130 (base 6) in base 2?
-10001001001101110
What is -176 (base 9) in base 14?
-aa
-100014 (base 6) to base 3
-101200101
Convert 12342 (base 5) to base 10.
972
2201100002 (base 3) to base 9
81302
Convert 5375 (base 15) to base 9.
26202
What is -ddc (base 16) in base 4?
-313130
Convert 1095 (base 11) to base 12.
9b7
-304 (base 10) to base 9
-367
What is 11000110000000 (base 2) in base 7?
51642
What is 5672 (base 10) in base 9?
7702
What is df5 (base 16) in base 5?
103243
1421 (base 7) to base 16
22a
Convert 6046 (base 9) to base 8.
10500
-16400 (base 7) to base 16
-122f
What is -41 (base 6) in base 9?
-27
What is 7464 (base 10) in base 4?
1310220
-1000000001 (base 2) to base 5
-4023
1403 (base 7) to base 10
542
-12001201 (base 3) to base 5
-104231
-c2c1 (base 15) to base 2
-1010000010101011
1416c (base 14) to base 5
3042214
-81d5 (base 16) to base 5
-2030422
Convert -1152 (base 7) to base 5.
-3204
What is -3664 (base 8) in base 16?
-7b4
What is 603 (base 16) in base 7?
4326
-2433 (base 7) to base 14
-48a
110421 (base 6) to base 14
3513
What is -1fbc (base 16) in base 13?
-390c
Convert -180ba (base 12) to base 8.
-103616
289 (base 12) to base 7
1101
Convert 662 (base 8) to base 16.
1b2
What is -1011101101111 (base 2) in base 4?
-1131233
What is 17274 (base 9) in base 8?
27165
c022 (base 14) to base 12
170a6
What is -6134 (base 9) in base 6?
-32434
What is -2017 (base 12) in base 14?
-13a3
What is 1516 (base 10) in base 16?
5ec
Convert 1420 (base 6) to base 10.
372
Convert -45664 (base 7) to base 13.
-53cb
Convert 261 (base 8) to base 16.
b1
Convert 11222 (base 6) to base 11.
1223
What is -12010111 (base 3) in base 11?
-289a
What is 3506 (base 10) in base 13?
1799
Convert 142322 (base 5) to base 7.
23245
What is -73e (base 16) in base 4?
-130332
11302323 (base 4) to base 11
16921
Convert -2030 (base 6) to base 3.
-121200
Convert -5b6 (base 12) to base 3.
-1011210
-535 (base 12) to base 11
-632
-43070 (base 11) to base 4
-33102222
Convert -1075 (base 8) to base 9.
-706
Convert 25d (base 16) to base 11.
500
Convert 2010121 (base 3) to base 11.
1194
What is -13165 (base 9) in base 10?
-8888
What is -8a (base 12) in base 7?
-211
-525 (base 7) to base 16
-108
What is 112 (base 12) in base 3?
12212
What is -21765 (base 11) in base 13?
-11476
112000 (base 3) to base 6
1430
What is 2c7d (base 16) in base 8?
26175
Convert 126114 (base 7) to base 15.
706c
Convert -13216 (base 10) to base 4.
-3032200
What is 105500 (base 7) in base 3?
221202002
Convert 11622 (base 15) to base 14.
1627c
-1165 (base 12) to base 2
-11110011101
What is -4272 (base 8) in base 5?
-32414
What is -12064 (base 14) in base 7?
-242154
-b3 (base 13) to base 3
-12102
What is -1150 (base 12) in base 3?
-2122120
10110011011100 (base 2) to base 8
26334
What is 8347 (base 9) in base 8?
13746
-3a5 (base 13) to base 8
-1202
What is -2122212110 (base 3) in base 7?
-305514
-10114 (base 5) to base 13
-3b9
Convert 10222331 (base 4) to base 3.
222020122
-111011010 (base 2) to base 10
-474
Convert -129a0 (base 14) to base 15.
-d88d
Convert 3721 (base 14) to base 7.
40041
Convert -110122212 (base 3) to base 7.
-35624
Convert -371 (base 9) to base 14.
-17d
Convert -3166 (base 7) to base 3.
-1112201
What is 1736 (base 9) in base 10?
1329
Convert -110001111111000 (base 2) to base 6.
-314252
-4154 (base 7) to base 9
-2002
Convert -21012200 (base 3) to base 7.
-21216
593 (base 11) to base 9
865
-2936 (base 12) to base 13
-224a
What is -496 (base 16) in base 14?
-5dc
-87 (base 13) to base 12
-93
-1010000010 (base 3) to base 5
-1144443
26a2 (base 11) to base 6
24112
Convert 2000111 (base 4) to base 14.
2dc9
What is -1561 (base 7) in base 5?
-10011
Convert -b8bc (base 13) to base 2.
-110010001001010
73a (base 13) to base 9
1618
210 (base 8) to base 12
b4
41240 (base 5) to base 16
a87
-3b4 (base 15) to base 9
-1137
-1222024 (base 6) to base 5
-4041443
Convert -101100001111000 (base 2) to base 4.
-11201320
1221 (base 3) to base 13
40
What is -13878 (base 9) in base 8?
-22373
What is 11002100 (base 3) in base 8?
5643
What is 3 (base 4) in base 8?
3
What is 14543 (base 6) in base 16?
93f
Convert -1100001110 (base 2) to base 12.
-552
What is -1001011010010 (base 2) in base 9?
-6543
-d72 (base 14) to base 11
-1a98
Convert 478 (base 14) to base 2.
1101111010
What is -1101111 (base 2) in base 5?
-421
-477 (base 10) to base 12
-339
What is 2450 (base 7) in base 15?
412
What is -210012120 (base 3) in base 16?
-3c63
What is 4ca4 (base 13) in base 10?
10950
388 (base 9) to base 14
191
What is -235 (base 9) in base 10?
-194
201222 (base 3) to base 7
1400
-1226 (base 16) to base 7
-16355
-1110000000110 (base 2) to base 3
-100211201
Convert -331321 (base 4) to base 13.
-1a59
-74a1 (base 11) to base 8
-23270
Convert -5382 (base 9) to base 5.
-111322
-3082 (base 13) to base 10
-6697
What is -123102 (base 7) in base 9?
-34110
Convert 7370 (base 10) to base 16.
1cca
Convert 1736 (base 8) to base 6.
4330
Convert -102220223 (base 4) to base 5.
-4420311
-3422 (base 5) to base 7
-1264
What is 1127 (base 11) in base 10?
1481
What is -120302 (base 4) in base 11?
-1212
-9747 (base 10) to base 12
-5783
-2111 (base 7) to base 8
-1347
What is 2121 (base 5) in base 11?
240
-21001 (base 3) to base 8
-276
-5e2 (base 15) to base 6
-10105
What is 15 (base 8) in base 13?
10
What is -22222 (base 4) in base 13?
-406